{"id":506,"date":"2024-07-08T07:22:19","date_gmt":"2024-07-08T07:22:19","guid":{"rendered":"https:\/\/2024.wwii-refugees.ee\/?page_id=506"},"modified":"2024-09-19T18:11:13","modified_gmt":"2024-09-19T18:11:13","slug":"naitus","status":"publish","type":"page","link":"https:\/\/2024.wwii-refugees.ee\/en\/naitus\/","title":{"rendered":"N\u00e4itus"},"content":{"rendered":"\n<h2 class=\"wp-block-heading\">N\u00e4itus Saatuseaasta 1944<\/h2>\n\n\n\n<p>1944. aasta jaanuaris algas N\u00f5ukogude Liidu v\u00e4gede sissetung Eestisse, mis p\u00f5hjustas elanikkonnas hirmu Saksa okupatsioonile (1941-1944) eelnenud N\u00f5ukogude Liidu v\u00f5imu taaskehtestamise ees. Nende s\u00fcndmuste ajel p\u00f5genes Eestist umbes 70 000 \u2013 80 000 inimest.&nbsp;<\/p>\n\n\n\n<p>M\u00e4lestades 80 aasta m\u00f6\u00f6dumist nendest traagilistest s\u00fcndmustest on Eesti M\u00e4lu Instituut koos partneritega koostanud 9 erinevat v\u00e4lin\u00e4itust, mis asuvad p\u00f5genemisega seotud paikades \u00fcle Eesti.<\/p>\n\n\n\n<ul class=\"wp-block-list\">\n<li>Hiiumaa n\u00e4itust saate vaadata S\u00f5ru sadamas asuva muuseumi juures. N\u00e4itus avatud 27. juulil kuni s\u00fcgise saabumiseni. Koost\u00f6\u00f6partner Hiiumaa Muinsuskaitse Selts.<\/li>\n<\/ul>\n\n\n\n<figure class=\"wp-block-image size-large\"><img fetchpriority=\"high\" decoding=\"async\" width=\"1024\" height=\"683\" src=\"https:\/\/2024.wwii-refugees.ee\/wp-content\/uploads\/2024\/08\/20240727-S6ru-508-1024x683.jpg\" alt=\"\" class=\"wp-image-618\" srcset=\"https:\/\/2024.wwii-refugees.ee\/wp-content\/uploads\/2024\/08\/20240727-S6ru-508-1024x683.jpg 1024w, https:\/\/2024.wwii-refugees.ee\/wp-content\/uploads\/2024\/08\/20240727-S6ru-508-300x200.jpg 300w, https:\/\/2024.wwii-refugees.ee\/wp-content\/uploads\/2024\/08\/20240727-S6ru-508-768x512.jpg 768w, https:\/\/2024.wwii-refugees.ee\/wp-content\/uploads\/2024\/08\/20240727-S6ru-508-1536x1024.jpg 1536w, https:\/\/2024.wwii-refugees.ee\/wp-content\/uploads\/2024\/08\/20240727-S6ru-508.jpg 1920w\" sizes=\"(max-width: 1024px) 100vw, 1024px\" \/><\/figure>\n\n\n\n<ul class=\"wp-block-list\">\n<li><strong>Virumaa&nbsp;<\/strong>n\u00e4itust saate vaadata&nbsp;Karepal Kalame talus Sagritsa muuseumi v\u00e4lialal. Koost\u00f6\u00f6partner Virumaa Muuseumid.&nbsp;<\/li>\n<\/ul>\n\n\n\n<figure class=\"wp-block-image size-large\"><img decoding=\"async\" width=\"912\" height=\"1024\" src=\"https:\/\/2024.wwii-refugees.ee\/wp-content\/uploads\/2024\/08\/saatuseaasta-1944-karepal-kaupo-foto-912x1024.jpg\" alt=\"\" class=\"wp-image-639\" srcset=\"https:\/\/2024.wwii-refugees.ee\/wp-content\/uploads\/2024\/08\/saatuseaasta-1944-karepal-kaupo-foto-912x1024.jpg 912w, https:\/\/2024.wwii-refugees.ee\/wp-content\/uploads\/2024\/08\/saatuseaasta-1944-karepal-kaupo-foto-267x300.jpg 267w, https:\/\/2024.wwii-refugees.ee\/wp-content\/uploads\/2024\/08\/saatuseaasta-1944-karepal-kaupo-foto-768x862.jpg 768w, https:\/\/2024.wwii-refugees.ee\/wp-content\/uploads\/2024\/08\/saatuseaasta-1944-karepal-kaupo-foto.jpg 957w\" sizes=\"(max-width: 912px) 100vw, 912px\" \/><\/figure>\n\n\n\n<ul class=\"wp-block-list\">\n<li>Tartu n\u00e4itust saate vaadata Tartu raudteejaamas. Koost\u00f6\u00f6partner Tartu Linnaajaloo Muuseumid.<\/li>\n<\/ul>\n\n\n\n<figure class=\"wp-block-image size-large\"><img decoding=\"async\" width=\"1024\" height=\"768\" src=\"https:\/\/2024.wwii-refugees.ee\/wp-content\/uploads\/2024\/08\/IMG_1185-1024x768.jpg\" alt=\"\" class=\"wp-image-742\" srcset=\"https:\/\/2024.wwii-refugees.ee\/wp-content\/uploads\/2024\/08\/IMG_1185-1024x768.jpg 1024w, https:\/\/2024.wwii-refugees.ee\/wp-content\/uploads\/2024\/08\/IMG_1185-300x225.jpg 300w, https:\/\/2024.wwii-refugees.ee\/wp-content\/uploads\/2024\/08\/IMG_1185-768x576.jpg 768w, https:\/\/2024.wwii-refugees.ee\/wp-content\/uploads\/2024\/08\/IMG_1185-1536x1152.jpg 1536w, https:\/\/2024.wwii-refugees.ee\/wp-content\/uploads\/2024\/08\/IMG_1185-2048x1536.jpg 2048w\" sizes=\"(max-width: 1024px) 100vw, 1024px\" \/><\/figure>\n\n\n\n<ul class=\"wp-block-list\">\n<li><strong>Viimsi&nbsp;<\/strong>n\u00e4itust saate vaadata Viimsi Vaba\u00f5humuuseumis. Koost\u00f6\u00f6partner Rannarahva Muuseum.<\/li>\n<\/ul>\n\n\n\n<figure class=\"wp-block-image size-large\"><img loading=\"lazy\" decoding=\"async\" width=\"1024\" height=\"768\" src=\"https:\/\/2024.wwii-refugees.ee\/wp-content\/uploads\/2024\/08\/454236934_1036700951796990_3823291518629253714_n-1024x768.jpg\" alt=\"\" class=\"wp-image-657\" srcset=\"https:\/\/2024.wwii-refugees.ee\/wp-content\/uploads\/2024\/08\/454236934_1036700951796990_3823291518629253714_n-1024x768.jpg 1024w, https:\/\/2024.wwii-refugees.ee\/wp-content\/uploads\/2024\/08\/454236934_1036700951796990_3823291518629253714_n-300x225.jpg 300w, https:\/\/2024.wwii-refugees.ee\/wp-content\/uploads\/2024\/08\/454236934_1036700951796990_3823291518629253714_n-768x576.jpg 768w, https:\/\/2024.wwii-refugees.ee\/wp-content\/uploads\/2024\/08\/454236934_1036700951796990_3823291518629253714_n-1536x1152.jpg 1536w, https:\/\/2024.wwii-refugees.ee\/wp-content\/uploads\/2024\/08\/454236934_1036700951796990_3823291518629253714_n.jpg 2048w\" sizes=\"(max-width: 1024px) 100vw, 1024px\" \/><\/figure>\n\n\n\n<ul class=\"wp-block-list\">\n<li><strong>Saaremaa&nbsp;<\/strong>erinevaid n\u00e4itusi saate vaadata:<\/li>\n<\/ul>\n\n\n\n<p>&nbsp; &nbsp; &nbsp; &nbsp; &nbsp; &nbsp; &nbsp; &nbsp; &nbsp;&nbsp;<strong>Kuressaares&nbsp;<\/strong>Kalda pst \u00e4\u00e4rsel rannaalal;<\/p>\n\n\n\n<figure class=\"wp-block-image size-large\"><img loading=\"lazy\" decoding=\"async\" width=\"1024\" height=\"683\" src=\"https:\/\/2024.wwii-refugees.ee\/wp-content\/uploads\/2024\/08\/Kuressaare-1024x683.jpg\" alt=\"\" class=\"wp-image-619\" srcset=\"https:\/\/2024.wwii-refugees.ee\/wp-content\/uploads\/2024\/08\/Kuressaare-1024x683.jpg 1024w, https:\/\/2024.wwii-refugees.ee\/wp-content\/uploads\/2024\/08\/Kuressaare-300x200.jpg 300w, https:\/\/2024.wwii-refugees.ee\/wp-content\/uploads\/2024\/08\/Kuressaare-768x512.jpg 768w, https:\/\/2024.wwii-refugees.ee\/wp-content\/uploads\/2024\/08\/Kuressaare-1536x1024.jpg 1536w, https:\/\/2024.wwii-refugees.ee\/wp-content\/uploads\/2024\/08\/Kuressaare.jpg 1920w\" sizes=\"(max-width: 1024px) 100vw, 1024px\" \/><\/figure>\n\n\n\n<p>&nbsp; &nbsp; &nbsp; &nbsp; &nbsp; &nbsp; &nbsp; &nbsp; &nbsp;&nbsp;<strong>S\u00f5rve&nbsp;<\/strong>poolsaarel&nbsp;P\u00e4\u00e4stlase maja l\u00e4hedal;<\/p>\n\n\n\n<figure class=\"wp-block-image size-large\"><img loading=\"lazy\" decoding=\"async\" width=\"1024\" height=\"683\" src=\"https:\/\/2024.wwii-refugees.ee\/wp-content\/uploads\/2024\/08\/sorve-1024x683.jpg\" alt=\"\" class=\"wp-image-620\" srcset=\"https:\/\/2024.wwii-refugees.ee\/wp-content\/uploads\/2024\/08\/sorve-1024x683.jpg 1024w, https:\/\/2024.wwii-refugees.ee\/wp-content\/uploads\/2024\/08\/sorve-300x200.jpg 300w, https:\/\/2024.wwii-refugees.ee\/wp-content\/uploads\/2024\/08\/sorve-768x512.jpg 768w, https:\/\/2024.wwii-refugees.ee\/wp-content\/uploads\/2024\/08\/sorve-1536x1024.jpg 1536w, https:\/\/2024.wwii-refugees.ee\/wp-content\/uploads\/2024\/08\/sorve.jpg 1920w\" sizes=\"(max-width: 1024px) 100vw, 1024px\" \/><\/figure>\n\n\n\n<p>&nbsp; &nbsp; &nbsp; &nbsp; &nbsp; &nbsp; &nbsp; &nbsp; &nbsp;&nbsp;<strong>Viki k\u00fclas<\/strong>&nbsp;Mihkli talumuuseumi tee\u00e4\u00e4rses k\u00fcljes.<\/p>\n\n\n\n<figure class=\"wp-block-image size-large\"><img loading=\"lazy\" decoding=\"async\" width=\"1024\" height=\"683\" src=\"https:\/\/2024.wwii-refugees.ee\/wp-content\/uploads\/2024\/08\/mihkli-1024x683.jpg\" alt=\"\" class=\"wp-image-621\" srcset=\"https:\/\/2024.wwii-refugees.ee\/wp-content\/uploads\/2024\/08\/mihkli-1024x683.jpg 1024w, https:\/\/2024.wwii-refugees.ee\/wp-content\/uploads\/2024\/08\/mihkli-300x200.jpg 300w, https:\/\/2024.wwii-refugees.ee\/wp-content\/uploads\/2024\/08\/mihkli-768x512.jpg 768w, https:\/\/2024.wwii-refugees.ee\/wp-content\/uploads\/2024\/08\/mihkli-1536x1024.jpg 1536w, https:\/\/2024.wwii-refugees.ee\/wp-content\/uploads\/2024\/08\/mihkli.jpg 1920w\" sizes=\"(max-width: 1024px) 100vw, 1024px\" \/><\/figure>\n\n\n\n<p>Koost\u00f6\u00f6partner Saaremaa Muuseum.<\/p>\n\n\n\n<ul class=\"wp-block-list\">\n<li><strong>Tallinna<\/strong>s saab n\u00e4itust vaadata Eesti M\u00e4lu Instituudi hoone aial, T\u00f5nism\u00e4gi 8<\/li>\n<\/ul>\n\n\n\n<ul class=\"wp-block-list\">\n<li><strong>Haapsalus<\/strong> on n\u00e4itus avatud Haapsalu raudteejaamas<\/li>\n\n\n\n<li>Koost\u00f6\u00f6s L\u00e4\u00e4nemaa Muuseumitega avatakse temaatiline n\u00e4itus&nbsp;Haapsalu<strong>&nbsp;<\/strong>raekojas septembris 2024.<\/li>\n<\/ul>\n","protected":false},"excerpt":{"rendered":"<p>N\u00e4itus Saatuseaasta 1944 1944. aasta jaanuaris algas N\u00f5ukogude Liidu v\u00e4gede sissetung Eestisse, mis p\u00f5hjustas elanikkonnas hirmu Saksa okupatsioonile (1941-1944) eelnenud N\u00f5ukogude Liidu v\u00f5imu taaskehtestamise ees. Nende s\u00fcndmuste ajel p\u00f5genes Eestist umbes 70 000 \u2013 80 000 inimest.&nbsp; M\u00e4lestades 80 aasta m\u00f6\u00f6dumist nendest traagilistest s\u00fcndmustest on Eesti M\u00e4lu Instituut koos partneritega koostanud 9 erinevat v\u00e4lin\u00e4itust, mis [&hellip;]<\/p>\n","protected":false},"author":1,"featured_media":0,"parent":0,"menu_order":0,"comment_status":"closed","ping_status":"closed","template":"","meta":{"_monsterinsights_skip_tracking":false,"_monsterinsights_sitenote_active":false,"_monsterinsights_sitenote_note":"","_monsterinsights_sitenote_category":0,"footnotes":""},"class_list":["post-506","page","type-page","status-publish","hentry"],"aioseo_notices":[],"_links":{"self":[{"href":"https:\/\/2024.wwii-refugees.ee\/en\/wp-json\/wp\/v2\/pages\/506","targetHints":{"allow":["GET"]}}],"collection":[{"href":"https:\/\/2024.wwii-refugees.ee\/en\/wp-json\/wp\/v2\/pages"}],"about":[{"href":"https:\/\/2024.wwii-refugees.ee\/en\/wp-json\/wp\/v2\/types\/page"}],"author":[{"embeddable":true,"href":"https:\/\/2024.wwii-refugees.ee\/en\/wp-json\/wp\/v2\/users\/1"}],"replies":[{"embeddable":true,"href":"https:\/\/2024.wwii-refugees.ee\/en\/wp-json\/wp\/v2\/comments?post=506"}],"version-history":[{"count":13,"href":"https:\/\/2024.wwii-refugees.ee\/en\/wp-json\/wp\/v2\/pages\/506\/revisions"}],"predecessor-version":[{"id":788,"href":"https:\/\/2024.wwii-refugees.ee\/en\/wp-json\/wp\/v2\/pages\/506\/revisions\/788"}],"wp:attachment":[{"href":"https:\/\/2024.wwii-refugees.ee\/en\/wp-json\/wp\/v2\/media?parent=506"}],"curies":[{"name":"wp","href":"https:\/\/api.w.org\/{rel}","templated":true}]}}

Näitus

<h2 class="wp-block-heading">Näitus Saatuseaasta 1944</h2>



<p>1944. aasta jaanuaris algas Nõukogude Liidu vägede sissetung Eestisse, mis põhjustas elanikkonnas hirmu Saksa okupatsioonile (1941-1944) eelnenud Nõukogude Liidu võimu taaskehtestamise ees. Nende sündmuste ajel põgenes Eestist umbes 70 000 – 80 000 inimest.&nbsp;</p>



<p>Mälestades 80 aasta möödumist nendest traagilistest sündmustest on Eesti Mälu Instituut koos partneritega koostanud 9 erinevat välinäitust, mis asuvad põgenemisega seotud paikades üle Eesti.</p>



<ul class="wp-block-list">
<li>Hiiumaa näitust saate vaadata Sõru sadamas asuva muuseumi juures. Näitus avatud 27. juulil kuni sügise saabumiseni. Koostööpartner Hiiumaa Muinsuskaitse Selts.</li>
</ul>



<figure class="wp-block-image size-large"><img fetchpriority="high" decoding="async" width="1024" height="683" src="https://2024.wwii-refugees.ee/wp-content/uploads/2024/08/20240727-S6ru-508-1024x683.jpg" alt="" class="wp-image-618" srcset="https://2024.wwii-refugees.ee/wp-content/uploads/2024/08/20240727-S6ru-508-1024x683.jpg 1024w, https://2024.wwii-refugees.ee/wp-content/uploads/2024/08/20240727-S6ru-508-300x200.jpg 300w, https://2024.wwii-refugees.ee/wp-content/uploads/2024/08/20240727-S6ru-508-768x512.jpg 768w, https://2024.wwii-refugees.ee/wp-content/uploads/2024/08/20240727-S6ru-508-1536x1024.jpg 1536w, https://2024.wwii-refugees.ee/wp-content/uploads/2024/08/20240727-S6ru-508.jpg 1920w" sizes="(max-width: 1024px) 100vw, 1024px" /></figure>



<ul class="wp-block-list">
<li><strong>Virumaa&nbsp;</strong>näitust saate vaadata&nbsp;Karepal Kalame talus Sagritsa muuseumi välialal. Koostööpartner Virumaa Muuseumid.&nbsp;</li>
</ul>



<figure class="wp-block-image size-large"><img decoding="async" width="912" height="1024" src="https://2024.wwii-refugees.ee/wp-content/uploads/2024/08/saatuseaasta-1944-karepal-kaupo-foto-912x1024.jpg" alt="" class="wp-image-639" srcset="https://2024.wwii-refugees.ee/wp-content/uploads/2024/08/saatuseaasta-1944-karepal-kaupo-foto-912x1024.jpg 912w, https://2024.wwii-refugees.ee/wp-content/uploads/2024/08/saatuseaasta-1944-karepal-kaupo-foto-267x300.jpg 267w, https://2024.wwii-refugees.ee/wp-content/uploads/2024/08/saatuseaasta-1944-karepal-kaupo-foto-768x862.jpg 768w, https://2024.wwii-refugees.ee/wp-content/uploads/2024/08/saatuseaasta-1944-karepal-kaupo-foto.jpg 957w" sizes="(max-width: 912px) 100vw, 912px" /></figure>



<ul class="wp-block-list">
<li>Tartu näitust saate vaadata Tartu raudteejaamas. Koostööpartner Tartu Linnaajaloo Muuseumid.</li>
</ul>



<figure class="wp-block-image size-large"><img decoding="async" width="1024" height="768" src="https://2024.wwii-refugees.ee/wp-content/uploads/2024/08/IMG_1185-1024x768.jpg" alt="" class="wp-image-742" srcset="https://2024.wwii-refugees.ee/wp-content/uploads/2024/08/IMG_1185-1024x768.jpg 1024w, https://2024.wwii-refugees.ee/wp-content/uploads/2024/08/IMG_1185-300x225.jpg 300w, https://2024.wwii-refugees.ee/wp-content/uploads/2024/08/IMG_1185-768x576.jpg 768w, https://2024.wwii-refugees.ee/wp-content/uploads/2024/08/IMG_1185-1536x1152.jpg 1536w, https://2024.wwii-refugees.ee/wp-content/uploads/2024/08/IMG_1185-2048x1536.jpg 2048w" sizes="(max-width: 1024px) 100vw, 1024px" /></figure>



<ul class="wp-block-list">
<li><strong>Viimsi&nbsp;</strong>näitust saate vaadata Viimsi Vabaõhumuuseumis. Koostööpartner Rannarahva Muuseum.</li>
</ul>



<figure class="wp-block-image size-large"><img loading="lazy" decoding="async" width="1024" height="768" src="https://2024.wwii-refugees.ee/wp-content/uploads/2024/08/454236934_1036700951796990_3823291518629253714_n-1024x768.jpg" alt="" class="wp-image-657" srcset="https://2024.wwii-refugees.ee/wp-content/uploads/2024/08/454236934_1036700951796990_3823291518629253714_n-1024x768.jpg 1024w, https://2024.wwii-refugees.ee/wp-content/uploads/2024/08/454236934_1036700951796990_3823291518629253714_n-300x225.jpg 300w, https://2024.wwii-refugees.ee/wp-content/uploads/2024/08/454236934_1036700951796990_3823291518629253714_n-768x576.jpg 768w, https://2024.wwii-refugees.ee/wp-content/uploads/2024/08/454236934_1036700951796990_3823291518629253714_n-1536x1152.jpg 1536w, https://2024.wwii-refugees.ee/wp-content/uploads/2024/08/454236934_1036700951796990_3823291518629253714_n.jpg 2048w" sizes="(max-width: 1024px) 100vw, 1024px" /></figure>



<ul class="wp-block-list">
<li><strong>Saaremaa&nbsp;</strong>erinevaid näitusi saate vaadata:</li>
</ul>



<p>&nbsp; &nbsp; &nbsp; &nbsp; &nbsp; &nbsp; &nbsp; &nbsp; &nbsp;&nbsp;<strong>Kuressaares&nbsp;</strong>Kalda pst äärsel rannaalal;</p>



<figure class="wp-block-image size-large"><img loading="lazy" decoding="async" width="1024" height="683" src="https://2024.wwii-refugees.ee/wp-content/uploads/2024/08/Kuressaare-1024x683.jpg" alt="" class="wp-image-619" srcset="https://2024.wwii-refugees.ee/wp-content/uploads/2024/08/Kuressaare-1024x683.jpg 1024w, https://2024.wwii-refugees.ee/wp-content/uploads/2024/08/Kuressaare-300x200.jpg 300w, https://2024.wwii-refugees.ee/wp-content/uploads/2024/08/Kuressaare-768x512.jpg 768w, https://2024.wwii-refugees.ee/wp-content/uploads/2024/08/Kuressaare-1536x1024.jpg 1536w, https://2024.wwii-refugees.ee/wp-content/uploads/2024/08/Kuressaare.jpg 1920w" sizes="(max-width: 1024px) 100vw, 1024px" /></figure>



<p>&nbsp; &nbsp; &nbsp; &nbsp; &nbsp; &nbsp; &nbsp; &nbsp; &nbsp;&nbsp;<strong>Sõrve&nbsp;</strong>poolsaarel&nbsp;Päästlase maja lähedal;</p>



<figure class="wp-block-image size-large"><img loading="lazy" decoding="async" width="1024" height="683" src="https://2024.wwii-refugees.ee/wp-content/uploads/2024/08/sorve-1024x683.jpg" alt="" class="wp-image-620" srcset="https://2024.wwii-refugees.ee/wp-content/uploads/2024/08/sorve-1024x683.jpg 1024w, https://2024.wwii-refugees.ee/wp-content/uploads/2024/08/sorve-300x200.jpg 300w, https://2024.wwii-refugees.ee/wp-content/uploads/2024/08/sorve-768x512.jpg 768w, https://2024.wwii-refugees.ee/wp-content/uploads/2024/08/sorve-1536x1024.jpg 1536w, https://2024.wwii-refugees.ee/wp-content/uploads/2024/08/sorve.jpg 1920w" sizes="(max-width: 1024px) 100vw, 1024px" /></figure>



<p>&nbsp; &nbsp; &nbsp; &nbsp; &nbsp; &nbsp; &nbsp; &nbsp; &nbsp;&nbsp;<strong>Viki külas</strong>&nbsp;Mihkli talumuuseumi teeäärses küljes.</p>



<figure class="wp-block-image size-large"><img loading="lazy" decoding="async" width="1024" height="683" src="https://2024.wwii-refugees.ee/wp-content/uploads/2024/08/mihkli-1024x683.jpg" alt="" class="wp-image-621" srcset="https://2024.wwii-refugees.ee/wp-content/uploads/2024/08/mihkli-1024x683.jpg 1024w, https://2024.wwii-refugees.ee/wp-content/uploads/2024/08/mihkli-300x200.jpg 300w, https://2024.wwii-refugees.ee/wp-content/uploads/2024/08/mihkli-768x512.jpg 768w, https://2024.wwii-refugees.ee/wp-content/uploads/2024/08/mihkli-1536x1024.jpg 1536w, https://2024.wwii-refugees.ee/wp-content/uploads/2024/08/mihkli.jpg 1920w" sizes="(max-width: 1024px) 100vw, 1024px" /></figure>



<p>Koostööpartner Saaremaa Muuseum.</p>



<ul class="wp-block-list">
<li><strong>Tallinna</strong>s saab näitust vaadata Eesti Mälu Instituudi hoone aial, Tõnismägi 8</li>
</ul>



<ul class="wp-block-list">
<li><strong>Haapsalus</strong> on näitus avatud Haapsalu raudteejaamas</li>



<li>Koostöös Läänemaa Muuseumitega avatakse temaatiline näitus&nbsp;Haapsalu<strong>&nbsp;</strong>raekojas septembris 2024.</li>
</ul>

<p>Näitus Saatuseaasta 1944 1944. aasta jaanuaris algas Nõukogude Liidu vägede sissetung Eestisse, mis põhjustas elanikkonnas hirmu Saksa okupatsioonile (1941-1944) eelnenud Nõukogude Liidu võimu taaskehtestamise ees. Nende sündmuste ajel põgenes Eestist umbes 70 000 – 80 000 inimest.&nbsp; Mälestades 80 aasta möödumist nendest traagilistest sündmustest on Eesti Mälu Instituut koos partneritega koostanud 9 erinevat välinäitust, mis [&hellip;]</p>
